me factors of m.
2, 3
Let x be -1 - -3 - 10/5. Suppose -5*j + w + 380 = x, 3*j - 2*w - 200 - 35 = 0. List the prime factors of j.
3, 5
Suppose -4*w - 155 = 121. Let j = -3 - w. What are the prime factors of j?
2, 3, 11
Let w(g) = 5*g**3 + 0 - 2*g**2 + 1 + 3*g**3. Let k = 617 + -616. What are the prime factors of w(k)?
7
List the prime factors of 51/119 + 15870/14.
2, 3, 7
Let f(a) = -a**3 - 8*a**2 + 10*a - 2. List the prime factors of f(-10).
2, 7
Suppose -n + 0 + 7 = 0. Let x(a) = a**3 - 4*a**2 - 9*a + 13. Let s be x(n). Suppose -u + 3*t = -3*u + s, -3*t = -3. What are the prime factors of u?
47
Suppose 2*l - 6 = -i - 4, -i = -l + 4. What are the prime factors of (155 + (1 - 0))/((-2)/i)?
2, 3, 13
Let b(f) = f**2 + f - 1. Let v be 1/7 - 13/(-7). Let d be b(v). Suppose 2*j = d*j - 66. List the prime factors of j.
2, 11
Suppose 9061 = 12*o + 745. What are the prime factors of o?
3, 7, 11
Suppose -5*r + 56 = 16. Let c be (-1)/(-2) + 356/r. What are the prime factors of (-9)/c + 252/10?
5
Let o = 207 + 1951. List the prime factors of o.
2, 13, 83
Let y = -10 + 18. Let a be y/4 + -3 - -34. What are the prime factors of (-2)/(-4) + a/2?
17
Suppose 0 = 3*a + 5 + 16. Let n(x) = -1 - 1 + 3*x - 4*x + 17. List the prime factors of n(a).
2, 11
Suppose -2*r + 3*y = 7*y + 40, -3*y = -r - 25. List the prime factors of (-1111)/r*(3 + -1).
101
Let x be ((-18)/(-12))/((-1)/(-2)). Suppose -2*p = -x*q - p - 50, 3*p = 6. Let t = -5 - q. What are the prime factors of t?
11
Let g be ((-5)/(-5))/(2 - 3)*-67. Suppose -374 = -4*c + s + g, -15 = -5*s. What are the prime factors of c?
3, 37
Let y be ((-2)/4)/(4/(-576)). What are the prime factors of 19240/y - 4/18?
3, 89
Let y(q) = q**2 + 8*q - 7. Let b be y(-9). Suppose 5*n = z - 118, 3*z - 330 = n + b*n. What are the prime factors of z?
2, 3
List the prime factors of 5121/4 + 6*6/(-144).
2, 5
Suppose -19*n = -7883 - 363. List the prime factors of n.
2, 7, 31
Suppose -46 = 2*k - 30. Let x(r) = -r**3 - 6*r**2 + 16*r + 8. List the prime factors of x(k).
2
Let k(q) = -57*q + 35. List the prime factors of k(-26).
37, 41
What are the prime factors of 6/(-2)*(1356/(-9) - 2)?
2, 229
Let c(d) = -d**3 + 15*d**2 - 10*d + 18. Let s be c(15). Let h = 228 + s. What are the prime factors of h?
2, 3
Let q(u) = -u - 1. Let s(g) = 5*g + 12. Let v(l) = 11*l + 23. Let n(p) = -5*s(p) + 2*v(p). Let y(c) = -n(c) + 4*q(c). What are the prime factors of y(6)?
2
What are the prime factors of (5 - 5) + (-7)/((-35)/2035)?
11, 37
Let z = 460 + -302. What are the prime factors of z?
2, 79
What are the prime factors of 1/(-2) + (-30615)/(-26) - -4?
1181
Suppose 5*d = 3*c - 2437, -5*c - 4*d - d + 4075 = 0. List the prime factors of c.
2, 11, 37
Let k(y) = -23*y - 2. Suppose -5*x = 2*h + 32, 9*h = 3*x + 12*h + 21. What are the prime factors of k(x)?
2, 17
What are the prime factors of ((-1340)/(-25))/(8/20)?
2, 67
Let r be (-258)/24 - 1/4. Let v = r - -13. Suppose 0 = 4*c + v*i - 98, -2*c - 2*i + 3*i + 43 = 0. What are the prime factors of c?
23
Suppose -n = -5*n + 8. Suppose 4*j = -4*i + 32, 3*i + i - 22 = -2*j. Suppose -i*t - n = -8. What are the prime factors of t?
2
Let t be 1/1 - (2 + 2 - 11). Suppose -t*a + 191 + 105 = 0. What are the prime factors of a?
37
Let c = -28 - -35. Suppose -w + c = -30. List the prime factors of w.
37
Suppose -5*b - 66 = 24. Let u = -36 - -18. List the prime factors of 4/u - 958/b.
53
Suppose 0 = -g + 3, 5*z - 7*z + 4*g = 68. List the prime factors of (5 + z)/(3/(-27)).
3, 23
Suppose 12 = 14*g - 8*g. What are the prime factors of (g + -5)*(-7)/((-84)/(-496))?
2, 31
Suppose 0*j + 124 = 4*j. List the prime factors of 1705/j + -1*1.
2, 3
Suppose -41*z + 20988 = -68269. List the prime factors of z.
7, 311
What are the prime factors of 4010/(((-56)/7)/(-4))?
5, 401
Let a(q) = -6 - 1 + 10*q - 3. Let s be a(7). Let b = -25 + s. List the prime factors of b.
5, 7
Let v = 48 + -46. Suppose l - 5*m = 120, 4*m + 0*m = -v*l + 198. What are the prime factors of l?
3, 5, 7
Let x(u) = -13*u**2 + 4*u + 6. Let v be x(-2). Let p be ((-2)/(-3))/((-36)/v). Suppose -z = -3 + p. List the prime factors of z.
2
Let j = -229 - -627. List the prime factors of j.
2, 199
Let u be (2/4)/((-1)/12). List the prime factors of u/(-9) - 1/((-3)/154).
2, 13
List the prime factors of -5 + (1 - 10504/(-8)).
7, 11, 17
Let d = -2 - -26. What are the prime factors of d/(-64) + 1851/8?
3, 7, 11
Let b(s) = -s - 2. Let c be b(-6). Suppose w + c = -3. List the prime factors of (1 + w)/((-2)/8).
2, 3
Suppose -2*l + 5*s = -687, 4*l - l - 1035 = 3*s. List the prime factors of l.
2, 173
Let i be (-2)/(-4)*(-5 + 11). Suppose -4*f + 5*f - 171 = -3*k, -i = f. What are the prime factors of k?
2, 29
Let p be 7 + -2 + (-20)/10. List the prime factors of (2 - p)/((-1)/229).
229
List the prime factors of -5 - (2 + -75 + 3*-1).
71
Let d(q) = -2*q**3 - 5*q**2 + 6*q - 3. Let c be d(-5). Suppose 0*k + c = 4*k. Let m = 39 - k. List the prime factors of m.
2
Suppose 0 = 11*z + 8*z - 9975. What are the prime factors of z?
3, 5, 7
What are the prime factors of (-4)/30 + (-185326)/(-570)?
5, 13
Let q(x) = -2*x**2 - 14*x - 1. Let h = -30 + 29. Let c(b) = -1. Let r(d) = h*q(d) - 2*c(d). What are the prime factors of r(-10)?
3, 7
Let o = 30 + 13. What are the prime factors of o*((11 - 3) + -5)?
3, 43
Let l be -1 + 1 + 2 + -5. Let p be l/(-6)*0/2. What are the prime factors of (p - (-4)/(-8))*-82?
41
Suppose -43 + 183 = 2*h. Let f = 9 + -6. Suppose 2*j = -f*l + h, l + j = -3*l + 95. List the prime factors of l.
2, 3
Suppose -34*k + 2*k + 14656 = 0. What are the prime factors of k?
2, 229
Let n be (15/12)/((-3)/(-12)). Let s = 8 - n. Suppose -s = -4*q + 5. List the prime factors of q.
2
Let d = 31 + -39. List the prime factors of (-12)/18*134*6/d.
67
Let d(p) = 15*p - 16. Suppose -5 = -4*a + 7. What are the prime factors of d(a)?
29
Suppose 2*l = i - 12, 11 + 1 = 2*i + 2*l. Suppose -i*h + 264 = -2*h. What are the prime factors of h?
2, 11
Let x(q) = q**3 - 5*q**2 - 6*q + 2. Let j be x(6). Let s be -2 + 0 + j - 12. What are the prime factors of ((-3)/s)/((-2)/(-376))?
47
Let i = -43 + 37. Let j be (-65)/(-25) + 2/5. Let z = j - i. List the prime factors of z.
3
Suppose 7*q - 5*q = 0. Suppose 3*a + 2*a - 469 = -2*p, 5*a - p - 463 = q. List the prime factors of a.
3, 31
Suppose -2*u - a - 81 = 0, -3*u = -u + 5*a + 85. Let z = 67 + u. What are the prime factors of z?
3
Suppose -3*a - 16 + 61 = 0. Suppose -87 + a = -2*c. List the prime factors of c.
2, 3
List the prime factors of ((-62867)/(-13))/7 + (-4)/(-26).
691
Let m = 409 - 245. List the prime factors of m.
2, 41
Suppose -4*a - 26 = 5*k, a - 2 = -5*k - 16. Let p = a - -5. List the prime factors of ((-12)/(-15))/(p/30).
2, 3
Suppose 13*l + 60 = 19*l. What are the prime factors of l/((-40)/(-9))*(-80)/(-3)?
2, 3, 5
Let s be 2/(-6)*(4 - 4)/(-12). Let a(c) be the second derivative of c**4/12 + c**3/3 + 24*c**2 - c. What are the prime factors of a(s)?
2, 3
Suppose u = m - 6*m + 656, 0 = -3*m - 5*u + 376. What are the prime factors of m?
2, 3, 11
Suppose 0 = l, -3*l - 648 = 5*c - 3683. List the prime factors of c.
607
Suppose 2*z + 4 - 12 = -t, -3*t - 4*z + 20 = 0. Suppose -t*q - 57 = 5*k, -3*q = -0*k - k + 57. Let x = 61 + q. List the prime factors of x.
43
Suppose 8894 = 18*d - 1276. What are the prime factors of d?
5, 113
Let h be 1/((-4)/(-452)) + 1. Let a = 106 + h. What are the prime factors of a?
2, 5, 11
Let o(h) = h**3 + 3*h**2 - 3*h - 7. Let a be o(-3). Suppose a*d = 11 - 7. Suppose p + 10 = d*p. List the prime factors of p.
2, 5
Let y be -4 + 2 + -17 + -2. Let x = y + 69. What are the prime factors of x?
2, 3
What are the prime factors of (-258)/(-9)*(0 + 18/12)?
43
Let f = 0 - -2. Suppose -f*c + 0*c - 4*p = -50, 130 = 4*c - 2*p. Suppose 2*i - 3*i + c = 0. List the prime factors of i.
31
Let z be (7/(-2))/(1/2). Let h(f) = 25*f - 4. Let y(j) = -13*j + 2. Let p(i) = z*y(i) - 4*h(i). List the prime factors of p(-4).
2, 19
Suppose 115*g + 12768 = 131*g. What are the prime factors of g?
2, 3, 7, 19
Let p be ((-2)/4)/((-10)/(-280)). Let b be p/(-6) + (-8)/(-12). Suppose 0 = 3*l + 13 - 1, -b*n = 5*l + 2. List the prime factors of n.
2, 3
Let c be 3 + (-6)/2 - (0 + 1). List the prime factors of (-1055)/(-10) - c/(-2).
3, 5, 7
Suppos